{"id":726,"date":"2025-08-21T12:30:20","date_gmt":"2025-08-21T12:30:20","guid":{"rendered":"https:\/\/unirparafazer.pt\/?page_id=726"},"modified":"2025-08-21T16:06:39","modified_gmt":"2025-08-21T16:06:39","slug":"joao_campolargo","status":"publish","type":"page","link":"https:\/\/unirparafazer.pt\/index.php\/joao_campolargo\/","title":{"rendered":"Jo\u00e3o Campolargo"},"content":{"rendered":"\t\t<div data-elementor-type=\"wp-page\" data-elementor-id=\"726\" class=\"elementor elementor-726\" data-elementor-settings=\"[]\">\n\t\t\t\t\t\t\t<div class=\"elementor-section-wrap\">\n\t\t\t\t\t\t\t<section class=\"elementor-section elementor-top-section elementor-element elementor-element-6fe8ecc elementor-section-height-min-height elementor-section-boxed elementor-section-height-default elementor-section-items-middle\" data-id=\"6fe8ecc\" data-element_type=\"section\" data-settings=\"{&quot;background_background&quot;:&quot;classic&quot;}\">\n\t\t\t\t\t\t<div class=\"elementor-container elementor-column-gap-default\">\n\t\t\t\t\t<div class=\"elementor-column elementor-col-50 elementor-top-column elementor-element elementor-element-d5c1401\" data-id=\"d5c1401\" data-element_type=\"column\">\n\t\t\t<div class=\"elementor-widget-wrap elementor-element-populated\">\n\t\t\t\t\t\t\t\t<div class=\"elementor-element elementor-element-38b6071 elementor-widget elementor-widget-image\" data-id=\"38b6071\" data-element_type=\"widget\" data-widget_type=\"image.default\">\n\t\t\t\t<div class=\"elementor-widget-container\">\n\t\t\t\t\t\t\t\t\t\t\t\t\t\t\t\t<a href=\"\/\">\n\t\t\t\t\t\t\t<img loading=\"lazy\" decoding=\"async\" width=\"1024\" height=\"460\" src=\"https:\/\/unirparafazer.pt\/wp-content\/uploads\/2021\/04\/cropped-logo_final_upf-03-scaled-1024x460.png\" class=\"attachment-large size-large\" alt=\"\" srcset=\"https:\/\/unirparafazer.pt\/wp-content\/uploads\/2021\/04\/cropped-logo_final_upf-03-scaled-1024x460.png 1024w, https:\/\/unirparafazer.pt\/wp-content\/uploads\/2021\/04\/cropped-logo_final_upf-03-scaled-300x135.png 300w, https:\/\/unirparafazer.pt\/wp-content\/uploads\/2021\/04\/cropped-logo_final_upf-03-scaled-768x345.png 768w, https:\/\/unirparafazer.pt\/wp-content\/uploads\/2021\/04\/cropped-logo_final_upf-03-scaled-1536x689.png 1536w, https:\/\/unirparafazer.pt\/wp-content\/uploads\/2021\/04\/cropped-logo_final_upf-03-scaled-2048x919.png 2048w, https:\/\/unirparafazer.pt\/wp-content\/uploads\/2021\/04\/cropped-logo_final_upf-03-scaled-175x79.png 175w\" sizes=\"auto, (max-width: 1024px) 100vw, 1024px\" \/>\t\t\t\t\t\t\t\t<\/a>\n\t\t\t\t\t\t\t\t\t\t\t\t\t\t\t<\/div>\n\t\t\t\t<\/div>\n\t\t\t\t<section class=\"elementor-section elementor-inner-section elementor-element elementor-element-ca7214e elementor-section-full_width elementor-section-height-default elementor-section-height-default\" data-id=\"ca7214e\" data-element_type=\"section\">\n\t\t\t\t\t\t<div class=\"elementor-container elementor-column-gap-extended\">\n\t\t\t\t\t<div class=\"elementor-column elementor-col-50 elementor-inner-column elementor-element elementor-element-bbd5cd4\" data-id=\"bbd5cd4\" data-element_type=\"column\">\n\t\t\t<div class=\"elementor-widget-wrap elementor-element-populated\">\n\t\t\t\t\t\t\t\t<div class=\"elementor-element elementor-element-2bf200b elementor-hidden-phone elementor-view-default elementor-widget elementor-widget-icon\" data-id=\"2bf200b\" data-element_type=\"widget\" data-widget_type=\"icon.default\">\n\t\t\t\t<div class=\"elementor-widget-container\">\n\t\t\t\t\t<div class=\"elementor-icon-wrapper\">\n\t\t\t<a class=\"elementor-icon\" href=\"\/index.php\">\n\t\t\t<i aria-hidden=\"true\" class=\"fas fa-home\"><\/i>\t\t\t<\/a>\n\t\t<\/div>\n\t\t\t\t<\/div>\n\t\t\t\t<\/div>\n\t\t\t\t\t<\/div>\n\t\t<\/div>\n\t\t\t\t<div class=\"elementor-column elementor-col-50 elementor-inner-column elementor-element elementor-element-d26038d\" data-id=\"d26038d\" data-element_type=\"column\">\n\t\t\t<div class=\"elementor-widget-wrap elementor-element-populated\">\n\t\t\t\t\t\t\t\t<div class=\"elementor-element elementor-element-8e4274b elementor-widget elementor-widget-heading\" data-id=\"8e4274b\" data-element_type=\"widget\" data-widget_type=\"heading.default\">\n\t\t\t\t<div class=\"elementor-widget-container\">\n\t\t\t<h2 class=\"elementor-heading-title elementor-size-default\">CANDIDATOS<\/h2>\t\t<\/div>\n\t\t\t\t<\/div>\n\t\t\t\t\t<\/div>\n\t\t<\/div>\n\t\t\t\t\t\t\t<\/div>\n\t\t<\/section>\n\t\t\t\t<div class=\"elementor-element elementor-element-82d3d24 elementor-widget elementor-widget-image\" data-id=\"82d3d24\" data-element_type=\"widget\" data-widget_type=\"image.default\">\n\t\t\t\t<div class=\"elementor-widget-container\">\n\t\t\t\t\t\t\t\t\t\t\t\t\t\t\t<img loading=\"lazy\" decoding=\"async\" width=\"1024\" height=\"1024\" src=\"https:\/\/unirparafazer.pt\/wp-content\/uploads\/2025\/06\/jc-1024x1024.webp\" class=\"attachment-large size-large\" alt=\"\" srcset=\"https:\/\/unirparafazer.pt\/wp-content\/uploads\/2025\/06\/jc-1024x1024.webp 1024w, https:\/\/unirparafazer.pt\/wp-content\/uploads\/2025\/06\/jc-300x300.webp 300w, https:\/\/unirparafazer.pt\/wp-content\/uploads\/2025\/06\/jc-150x150.webp 150w, https:\/\/unirparafazer.pt\/wp-content\/uploads\/2025\/06\/jc-768x768.webp 768w, https:\/\/unirparafazer.pt\/wp-content\/uploads\/2025\/06\/jc-1536x1536.webp 1536w, https:\/\/unirparafazer.pt\/wp-content\/uploads\/2025\/06\/jc.webp 1700w\" sizes=\"auto, (max-width: 1024px) 100vw, 1024px\" \/>\t\t\t\t\t\t\t\t\t\t\t\t\t\t\t<\/div>\n\t\t\t\t<\/div>\n\t\t\t\t<div class=\"elementor-element elementor-element-6f3dffe elementor-widget elementor-widget-heading\" data-id=\"6f3dffe\" data-element_type=\"widget\" data-widget_type=\"heading.default\">\n\t\t\t\t<div class=\"elementor-widget-container\">\n\t\t\t<h2 class=\"elementor-heading-title elementor-size-default\">JO\u00c3O CAMPOLARGO<\/h2>\t\t<\/div>\n\t\t\t\t<\/div>\n\t\t\t\t<div class=\"elementor-element elementor-element-52122e4 elementor-widget elementor-widget-heading\" data-id=\"52122e4\" data-element_type=\"widget\" data-widget_type=\"heading.default\">\n\t\t\t\t<div class=\"elementor-widget-container\">\n\t\t\t<h3 class=\"elementor-heading-title elementor-size-default\">C\u00e2mara Municipal de \u00cdlhavo<\/h3>\t\t<\/div>\n\t\t\t\t<\/div>\n\t\t\t\t<div class=\"elementor-element elementor-element-4e9e38a elementor-widget elementor-widget-text-editor\" data-id=\"4e9e38a\" data-element_type=\"widget\" data-widget_type=\"text-editor.default\">\n\t\t\t\t<div class=\"elementor-widget-container\">\n\t\t\t\t\t\t\t\t<p>Jo\u00e3o Campolargo nasceu na Gafanha da Aqu\u00e9m h\u00e1 53 anos. Desde 17 de outubro de 2021 \u00e9 Presidente da C\u00e2mara Municipal de \u00cdlhavo. Entre 2013 e 2021 foi Presidente da Junta de Freguesia de S\u00e3o Salvador. \u00c9 licenciado em Gest\u00e3o e tem uma p\u00f3s-gradua\u00e7\u00e3o em Engenharia da Gest\u00e3o Industrial. Antes de ser autarca, desempenhou cargos de dire\u00e7\u00e3o em empresas. Ao longo da sua vida esteve sempre ligado ao associativismo local.<\/p>\t\t\t\t\t\t<\/div>\n\t\t\t\t<\/div>\n\t\t\t\t\t<\/div>\n\t\t<\/div>\n\t\t\t\t<div class=\"elementor-column elementor-col-50 elementor-top-column elementor-element elementor-element-9bd85fc\" data-id=\"9bd85fc\" data-element_type=\"column\">\n\t\t\t<div class=\"elementor-widget-wrap\">\n\t\t\t\t\t\t\t\t\t<\/div>\n\t\t<\/div>\n\t\t\t\t\t\t\t<\/div>\n\t\t<\/section>\n\t\t\t\t<section class=\"elementor-section elementor-top-section elementor-element elementor-element-6c37f98 elementor-section-boxed elementor-section-height-default elementor-section-height-default\" data-id=\"6c37f98\" data-element_type=\"section\">\n\t\t\t\t\t\t<div class=\"elementor-container elementor-column-gap-default\">\n\t\t\t\t\t<div class=\"elementor-column elementor-col-50 elementor-top-column elementor-element elementor-element-5b61865\" data-id=\"5b61865\" data-element_type=\"column\">\n\t\t\t<div class=\"elementor-widget-wrap elementor-element-populated\">\n\t\t\t\t\t\t\t\t<div class=\"elementor-element elementor-element-b03fff3 elementor-widget elementor-widget-heading\" data-id=\"b03fff3\" data-element_type=\"widget\" data-widget_type=\"heading.default\">\n\t\t\t\t<div class=\"elementor-widget-container\">\n\t\t\t<h3 class=\"elementor-heading-title elementor-size-default\">CARO (A) MUN\u00cdCIPE,<\/h3>\t\t<\/div>\n\t\t\t\t<\/div>\n\t\t\t\t<div class=\"elementor-element elementor-element-0b121a1 elementor-widget elementor-widget-text-editor\" data-id=\"0b121a1\" data-element_type=\"widget\" data-widget_type=\"text-editor.default\">\n\t\t\t\t<div class=\"elementor-widget-container\">\n\t\t\t\t\t\t\t\t<p>H\u00e1 quatro anos, o Munic\u00edpio de \u00cdlhavo fez hist\u00f3ria. Pela primeira vez, um movimento independente de cidad\u00e3os foi eleito para governar a C\u00e2mara Municipal de \u00cdlhavo e a Junta de Freguesia de S\u00e3o Salvador.<\/p><p>Ao longo deste mandato, o <strong>Unir Para Fazer<\/strong> demonstrou que \u00e9 poss\u00edvel governar de forma diferente e melhor: com <strong>proximidade, rigor e efici\u00eancia.<\/strong><\/p><p>De uma forma sucinta:<\/p><ul><li>Reduzimos a d\u00edvida da autarquia;<\/li><li>Moderniz\u00e1mos os servi\u00e7os municipais;<\/li><li>Investimos na Educa\u00e7\u00e3o, na Sa\u00fade e na Habita\u00e7\u00e3o;<\/li><li>Reabilit\u00e1mos equipamentos esquecidos e espa\u00e7os p\u00fablicos abandonados;<\/li><li>Assumimos causas sociais, culturais e ambientais, porque governar \u00e9, acima de tudo, cuidar.<\/li><\/ul><p>Mais do que obras, abrimos\u00a0<strong>caminhos de confian\u00e7a, de justi\u00e7a social, de participa\u00e7\u00e3o e de futuro.<\/strong>\u00a0Caminhos que <strong>uniram gera\u00e7\u00f5es<\/strong> e mostraram que \u00e9 poss\u00edvel construir um <strong>concelho melhor<\/strong>, para <strong>todos<\/strong>.<\/p><p>2025-2029: Afirmar a Mudan\u00e7a<\/p><p>Avan\u00e7amos agora para um novo ciclo, com a experi\u00eancia do que j\u00e1 realiz\u00e1mos e a ambi\u00e7\u00e3o do muito que ainda queremos concretizar.<\/p><p>Hoje, o Munic\u00edpio vive o maior investimento p\u00fablico de sempre: <strong>42 milh\u00f5es de euros.<\/strong><\/p><ul><li>As escolas est\u00e3o a ser renovadas;<\/li><li>Os centros de sa\u00fade est\u00e3o a ser ampliados;<\/li><li>A nova habita\u00e7\u00e3o traz esperan\u00e7a e seguran\u00e7a a quem mais precisa.<\/li><\/ul><p>Apesar dos progressos alcan\u00e7ados, sabemos que ainda h\u00e1 muito por fazer!<\/p><p>Queremos <strong>concluir as obras<\/strong> iniciadas, <strong>melhorar ainda mais os servi\u00e7os municipais<\/strong> e continuar a <strong>construir um concelho<\/strong>\u00a0<strong>mais desenvolvido, justo e solid\u00e1rio.<\/strong><\/p><p>No dia\u00a0<strong>12 de outubro<\/strong>, \u00cdlhavo escolhe o seu futuro. Esse futuro n\u00e3o pode ser o regresso ao passado, ao dom\u00ednio do calculismo dos partidos e \u00e0s mesmas pessoas de sempre.<\/p><p><strong>Com independ\u00eancia, rigor e proximidade vamos continuar a mudan\u00e7a em \u00cdlhavo!<\/strong><\/p><p><strong>Contamos com todos, para juntos fazermos hist\u00f3ria<\/strong><\/p><p><strong>Jo\u00e3o Campolargo<\/strong> | Candidato \u00e0 C\u00e2mara Municipal de \u00cdlhavo<\/p>\t\t\t\t\t\t<\/div>\n\t\t\t\t<\/div>\n\t\t\t\t\t<\/div>\n\t\t<\/div>\n\t\t\t\t<div class=\"elementor-column elementor-col-50 elementor-top-column elementor-element elementor-element-c7e1aee\" data-id=\"c7e1aee\" data-element_type=\"column\">\n\t\t\t<div class=\"elementor-widget-wrap elementor-element-populated\">\n\t\t\t\t\t\t\t\t<div class=\"elementor-element elementor-element-da4994d elementor-widget elementor-widget-heading\" data-id=\"da4994d\" data-element_type=\"widget\" data-widget_type=\"heading.default\">\n\t\t\t\t<div class=\"elementor-widget-container\">\n\t\t\t<h3 class=\"elementor-heading-title elementor-size-default\">Lista de candidatos<\/h3>\t\t<\/div>\n\t\t\t\t<\/div>\n\t\t\t\t<div class=\"elementor-element elementor-element-347d00e table-candidatos elementor-widget elementor-widget-text-editor\" data-id=\"347d00e\" data-element_type=\"widget\" data-widget_type=\"text-editor.default\">\n\t\t\t\t<div class=\"elementor-widget-container\">\n\t\t\t\t\t\t\t\t<table>\n<tbody>\n<tr>\n<td width=\"66\"><strong>\u00a0<\/strong><\/td>\n<td width=\"416\"><strong>Efetivos<\/strong><\/td>\n<\/tr>\n<tr>\n<td width=\"66\"><strong>1<\/strong><\/td>\n<td width=\"416\">Jo\u00e3o Ant\u00f3nio Filipe Campolargo<\/td>\n<\/tr>\n<tr>\n<td width=\"66\"><strong>2<\/strong><\/td>\n<td width=\"416\">Jo\u00e3o Diogo da Silva Semedo<\/td>\n<\/tr>\n<tr>\n<td width=\"66\"><strong>3<\/strong><\/td>\n<td width=\"416\">Mariana Carlos Ramos<\/td>\n<\/tr>\n<tr>\n<td width=\"66\"><strong>4<\/strong><\/td>\n<td width=\"416\">Bruno Matias Ribau<\/td>\n<\/tr>\n<tr>\n<td width=\"66\"><strong>5<\/strong><\/td>\n<td width=\"416\">Beatriz Moita Vilarinho<\/td>\n<\/tr>\n<tr>\n<td width=\"66\"><strong>6<\/strong><\/td>\n<td width=\"416\">Elsa Maria Cardoso de Sousa Ribeiro<\/td>\n<\/tr>\n<tr>\n<td width=\"66\"><strong>7<\/strong><\/td>\n<td width=\"416\">Nuno Filipe Rodrigues Fernandes<\/td>\n<\/tr>\n<tr>\n<td width=\"66\"><\/td>\n<td width=\"416\"><strong>Suplentes<\/strong><\/td>\n<\/tr>\n<tr>\n<td width=\"66\"><strong>8<\/strong><\/td>\n<td width=\"416\">Ana Raquel Gomes S\u00e3o Marcos Sim\u00f5es<\/td>\n<\/tr>\n<tr>\n<td width=\"66\"><strong>9<\/strong><\/td>\n<td width=\"416\">Ana Margarida Corujo Leite<\/td>\n<\/tr>\n<tr>\n<td width=\"66\"><strong>10<\/strong><\/td>\n<td width=\"416\">Daniel da Gra\u00e7a Esgueir\u00e3o<\/td>\n<\/tr>\n<tr>\n<td width=\"66\"><strong>11<\/strong><\/td>\n<td width=\"416\">Susana Raquel Rodrigues Abreu da Silva Pio<\/td>\n<\/tr>\n<tr>\n<td width=\"66\"><strong>12<\/strong><\/td>\n<td width=\"416\">Rita Alexandra Capucho Cartaxo<\/td>\n<\/tr>\n<tr>\n<td width=\"66\"><strong>\u00a013<\/strong><\/td>\n<td width=\"416\">Vasco Claro Marieiro<\/td>\n<\/tr>\n<tr>\n<td width=\"66\"><strong>14<\/strong><\/td>\n<td>Ana Mafalda Gon\u00e7alves de Oliveira<\/td>\n<\/tr>\n<\/tbody>\n<\/table>\t\t\t\t\t\t<\/div>\n\t\t\t\t<\/div>\n\t\t\t\t<div class=\"elementor-element elementor-element-62d4cf7 elementor-align-center elementor-mobile-align-left elementor-hidden-desktop elementor-hidden-tablet elementor-hidden-phone elementor-widget elementor-widget-button\" data-id=\"62d4cf7\" data-element_type=\"widget\" data-widget_type=\"button.default\">\n\t\t\t\t<div class=\"elementor-widget-container\">\n\t\t\t\t\t<div class=\"elementor-button-wrapper\">\n\t\t\t<a href=\"https:\/\/unirparafazer.pt\/wp-content\/uploads\/2025\/08\/Lista_Candidatos_CMI.pdf\" target=\"_blank\" class=\"elementor-button-link elementor-button elementor-size-md\" role=\"button\">\n\t\t\t\t\t\t<span class=\"elementor-button-content-wrapper\">\n\t\t\t\t\t\t<span class=\"elementor-button-icon elementor-align-icon-left\">\n\t\t\t\t<i aria-hidden=\"true\" class=\"far fa-file-pdf\"><\/i>\t\t\t<\/span>\n\t\t\t\t\t\t<span class=\"elementor-button-text\">Lista de Candidatos<\/span>\n\t\t<\/span>\n\t\t\t\t\t<\/a>\n\t\t<\/div>\n\t\t\t\t<\/div>\n\t\t\t\t<\/div>\n\t\t\t\t\t<\/div>\n\t\t<\/div>\n\t\t\t\t\t\t\t<\/div>\n\t\t<\/section>\n\t\t\t\t\t\t<\/div>\n\t\t\t\t\t<\/div>\n\t\t","protected":false},"excerpt":{"rendered":"<p>CANDIDATOS JO\u00c3O CAMPOLARGO C\u00e2mara Municipal de \u00cdlhavo Jo\u00e3o Campolargo nasceu na Gafanha da Aqu\u00e9m h\u00e1 53 anos. Desde 17 de outubro de 2021 \u00e9 Presidente da C\u00e2mara Municipal de \u00cdlhavo. Entre 2013 e 2021 foi Presidente da Junta de Freguesia de S\u00e3o Salvador. \u00c9 licenciado em Gest\u00e3o e tem uma p\u00f3s-gradua\u00e7\u00e3o em Engenharia da Gest\u00e3o &hellip;<\/p>\n<p class=\"read-more\"> <a class=\"\" href=\"https:\/\/unirparafazer.pt\/index.php\/joao_campolargo\/\"> <span class=\"screen-reader-text\">Jo\u00e3o Campolargo<\/span> Read More &raquo;<\/a><\/p>\n","protected":false},"author":1,"featured_media":0,"parent":0,"menu_order":0,"comment_status":"closed","ping_status":"closed","template":"elementor_canvas","meta":{"footnotes":""},"class_list":["post-726","page","type-page","status-publish","hentry"],"_links":{"self":[{"href":"https:\/\/unirparafazer.pt\/index.php\/wp-json\/wp\/v2\/pages\/726","targetHints":{"allow":["GET"]}}],"collection":[{"href":"https:\/\/unirparafazer.pt\/index.php\/wp-json\/wp\/v2\/pages"}],"about":[{"href":"https:\/\/unirparafazer.pt\/index.php\/wp-json\/wp\/v2\/types\/page"}],"author":[{"embeddable":true,"href":"https:\/\/unirparafazer.pt\/index.php\/wp-json\/wp\/v2\/users\/1"}],"replies":[{"embeddable":true,"href":"https:\/\/unirparafazer.pt\/index.php\/wp-json\/wp\/v2\/comments?post=726"}],"version-history":[{"count":15,"href":"https:\/\/unirparafazer.pt\/index.php\/wp-json\/wp\/v2\/pages\/726\/revisions"}],"predecessor-version":[{"id":806,"href":"https:\/\/unirparafazer.pt\/index.php\/wp-json\/wp\/v2\/pages\/726\/revisions\/806"}],"wp:attachment":[{"href":"https:\/\/unirparafazer.pt\/index.php\/wp-json\/wp\/v2\/media?parent=726"}],"curies":[{"name":"wp","href":"https:\/\/api.w.org\/{rel}","templated":true}]}}